 Let n be (4/(-6))/((-10)/i). Suppose -234 = -n*y - 3*y. Is y a prime number?
False
Let u(s) = 11*s**3 + 15*s**2 - 13*s + 5138. Let a(y) = 5*y**3 + 7*y**2 - 6*y + 2569. Let o(g) = 13*a(g) - 6*u(g). Is o(0) a composite number?
True
Suppose 0 = y - j - 3, 0 = j - 4 + 1. Suppose -3*z + 6391 = y*q - q, 0 = -z - q + 2129. Is z prime?
False
Let a(v) = -205*v**3 - 7*v + v**2 + 7 - 83*v**3 - 6*v**2. Let n(o) = 289*o**3 + 4*o**2 + 6*o - 6. Let c(l) = 5*a(l) + 6*n(l). Is c(1) a composite number?
False
Let b(k) = -k**3 + 2*k**2 - 5. Let l be b(3). Let j be (-34)/(-8)*(18 + l). Let q(a) = 2*a**2 - 3*a - 8. Is q(j) composite?
True
Suppose -g = -4*t - 2457, 4*g - 13*t = -8*t + 9806. Is g composite?
True
Suppose -266 = -n - 2*m + 57, 9 = 3*m. Is n composite?
False
Let m(z) = 3*z + 19. Let u = -30 - -36. Is m(u) a composite number?
False
Is 30/(-70) - (-66562)/14 prime?
False
Suppose 2*x = x + 3323. Let o = x + -2152. Is o composite?
False
Suppose f = -3*f + 60. Let v = f - 13. Suppose 0 = -4*d - v*d + 1338. Is d a composite number?
False
Suppose -10 = -4*s + 9*s - 3*o, -3*s - 22 = -5*o. Is 2 + (1195 - (-12)/(-4)) + s composite?
True
Suppose 4*h - 5*o = -o + 60, 0 = 5*h + 5*o - 105. Suppose -j + 47 = -h. Let b = j + -27. Is b a composite number?
True
Suppose -21*x = -23*x + 9722. Is x composite?
False
Let b(r) = r**2 - 4*r + 4. Let a be b(3). Is 2 - (a + -23) - 1 a composite number?
False
Let l(k) = 16 + 6 + k**2 + 17*k - 2*k**2. Let r(n) = 3*n - 1. Let t be r(6). Is l(t) prime?
False
Let m be (-4 + 5)/((-1)/37). Let d(b) = -b**3 + 14*b**2 + 21*b. Let y be d(15). Let z = m + y. Is z a prime number?
True
Let r(z) = 21*z**2 + 9*z + 13. Let d be r(-2). Suppose -d - 300 = -o. Is o a composite number?
False
Let r = -22038 - -33661. Is r composite?
True
Suppose 7892 = -14*m + 42934. Is m a composite number?
False
Let h(d) = d**3 - 15*d**2 - 6*d + 17. Let g be h(16). Suppose 18 = -u + g. Is u prime?
False
Let y = 54220 - 26639. Is y a prime number?
True
Let y(x) = x**3 + 12*x**2 - 35*x - 87. Is y(26) a composite number?
False
Let s(h) = -79*h**2 + 15*h + 4. Let l(a) = -39*a**2 + 7*a + 2. Let n(p) = -13*l(p) + 6*s(p). Let r be n(-2). Suppose 0 = -4*f + 8*f - r. Is f a prime number?
False
Is (846672/28)/3 + 30/(-70) prime?
True
Suppose 12448 = 4*d + 3*h, 0 = 5*h - 12 - 8. Is d a prime number?
True
Let s(j) = 1170*j**2 - 16*j + 31. Is s(2) a composite number?
False
Suppose 4*n - 4 = -4*i, -i + 2*i - 5*n + 5 = 0. Suppose 5*q = -i*u + 2*u - 1, -2*q = -4*u + 10. Suppose u*x - 365 - 388 = 0. Is x composite?
False
Let y(s) = -s + 230. Let q be y(0). Let f(p) = -p**2 - 24*p - 10. Let x be f(-10). Suppose 5*b - 3*m - 882 + q = 0, -b + m = -x. Is b composite?
False
Suppose 0 = 4*q + j + 3829, 5*q + 3809 = q + 3*j. Let o = q + 1997. Is o a prime number?
False
Let q be (-4)/14 + 4908/(-21). Suppose 0*u + 3*g - 560 = 4*u, 5*u - 2*g = -693. Let n = u - q. Is n prime?
True
Is ((-150229)/(-17))/(-4 - (-27)/6) composite?
True
Suppose -2*u - 2*p = -4*u + 10, 5*p = 20. Suppose 0 = l - 2*v + 8, 2*l + u = 2*v + 1. Suppose -5*o + 752 + 303 = l. Is o a composite number?
False
Let i(s) = -s - 119*s**3 + 59*s**3 + 1 + 3*s**2 - s**2. Is i(-2) composite?
False
Let j be 1398*4/(-6) - -1. Is j/(-14)*(1 + 1) composite?
True
Suppose -i - 2338 + 19482 = 0. Let v = i - 11553. Is v prime?
True
Suppose 1125 = d - 514. Is d a composite number?
True
Let c be ((-2)/(-5))/(18/360). Suppose -m = -5*m + c, -2*h = 4*m - 1496. Let d = h + -507. Is d a composite number?
True
Let l be 1 - -8*(3 + 31). Suppose 3*b + l = d, -3*b + b = -d + 271. Suppose -a + d = 2*a. Is a composite?
False
Let v = -34 + 47. Let h be (-88)/104 - 2/v. Is 19*h*(-7 + 6) a prime number?
True
Let q = -257 + 673. Suppose -5*f - 834 = -4*x, -2*x + 3*f + q = -0*x. Is x a composite number?
False
Let p = -124 + 254. Let f = 207 + p. Is f composite?
False
Suppose -4*n = 2*s + 22, 2*s - 3*n - 2*n + 40 = 0. Let k(c) = 5*c + 7*c**2 - 6*c**2 - 62 + 41. Is k(s) a composite number?
True
Is (12 - 7) + -8 + 2020 a prime number?
True
Is (-5)/((-4)/14 + 4593/16149) a composite number?
True
Let d be (-2)/(-2) + 86/2. Let u be (-4)/(-6) - (6 - 16/3). Suppose 0*c + c - 2*z - 41 = u, d = c - z. Is c composite?
False
Suppose 83 = 12*s + 23. Suppose -2*n = s*n - 3745. Is n a composite number?
True
Suppose -2*k - 16446 = -8*k. Is k prime?
True
Let r = -2372 + 5391. Is r a prime number?
True
Let r(l) be the first derivative of 15*l**3 - 3*l**2 - 4*l - 8. Is r(-5) a composite number?
False
Let h(c) = 152*c**2 + 7*c + 85. Is h(-8) a composite number?
True
Let r(k) be the first derivative of 101*k**3/3 - 2*k**2 - 10*k + 16. Is r(3) a prime number?
True
Let d(l) = l**3 + 33*l**2 - l - 6. Is d(15) prime?
False
Suppose -1 = 2*o - 5. Suppose d + 317 = o*s + 2*d, 160 = s + d. Is s a prime number?
True
Let s = 712 + 5809. Is s composite?
False
Suppose -21 = -x - 12. Suppose 16*a - 2506 = x*a. Is a a composite number?
True
Let c = 16 - 3. Suppose -8*w + 15 = -3*w. Let m = c - w. Is m a prime number?
False
Suppose 5*t + 4*x = 1365269, 2*t - 159*x - 546122 = -157*x. Is t prime?
False
Let b = 42343 - 21948. Is b a composite number?
True
Let i be 6/(-14) - 6670/(-14). Let h be (-2)/(-1) - 5 - -3. Suppose -4*l = -h*l - i. Is l a prime number?
False
Let d(h) = -h**3 + h**2 + h. Let z be d(-2). Let f be ((-6)/(-5))/(z/25). Suppose 2*c + 317 = f*r - 18, -3*r - 2*c + 343 = 0. Is r prime?
True
Let u(a) = 605*a - 10. Let s be u(8). Suppose 2540 = 10*i - s. Is i a prime number?
False
Let x = 2904 - 1169. Is x a prime number?
False
Let o(r) = 11*r**3 - r**2 - 7*r + 12. Let u be o(6). Let l = u - -509. Is l prime?
True
Suppose 0 = 4*l - 0 - 20. Let n(w) = 43*w**2 + 3*w - 3. Is n(l) a composite number?
False
Is -5*(-30)/25 + 14041 composite?
True
Suppose -5*b + 162395 = 5*i, -3*b - 31*i + 97445 = -30*i. Is b a prime number?
False
Let f = 709 - 683. Is f composite?
True
Let a = -872 + 457. Let w = -192 - a. Is w composite?
False
Let x be 131 + ((-1)/5 - (-16)/5). Let v = 275 + x. Is v a composite number?
False
Suppose 20 = 14*y - 19*y. Is y/((9/(-606))/(12/16)) a prime number?
False
Suppose -i + 2*i - 4*v = 19, 4*v + 25 = 3*i. Suppose -i*l + 425 = 2*a - a, -4*a = 2*l - 270. Is l prime?
False
Let k = 9846 + -4364. Is k composite?
True
Let w(t) = 2558*t**2 + 2*t - 3. Let n be (-63)/(-72) + (-1)/(-8). Is w(n) composite?
False
Is 4*5/10*4096 + -5 composite?
True
Suppose -3*w + 60 + 708 = 0. Suppose -2464 = -8*g - 136. Let t = g + w. Is t composite?
False
Is 76368/60 + 2/10 a composite number?
True
Suppose 627682 = 84*c - 168554. Is c a prime number?
True
Suppose -2*a + 4 = 2. Let h be a*(3 + -108 - 1). Let r = 399 + h. Is r prime?
True
Let v(a) = -a**3 + a. Let o(c) = -2*c**3 + 46*c**2 - 44*c - 3. Let y(n) = o(n) - v(n). Is y(32) prime?
True
Let n = 58240 + -35601. Suppose -n = -3*w + 6326. Is w a prime number?
False
Let r = -7 - 37. Let a = r + 111. Is a prime?
True
Let k be ((-87)/2)/(2/(-236)). Let n = k - 3606. Is n a composite number?
True
Let n(w) = w**2 - 10*w + 4. Let f be n(10). Suppose 3*m = 9, 2*q + f*m + 18 = 412. Is q composite?
False
Let n = -377 + 719. Let q(f) = -f**3 - 8*f**2 + 14*f - 4. Let r be q(-7). Let l = r + n. Is l a composite number?
False
Is (681/(-2))/(96/(-448)) prime?
False
Suppose -20 = 2*a - 4*m, -2*m = 4*a - 2*a - 10. Suppose -8 = z - a*z. Let u(h) = h**3 + 8*h**2 - 3*h - 11. Is u(z) prime?
True
Suppose 13 - 38 = 5*u. Let j be -2 - -76 - (u - -2). Let a = 156 + j. Is a a prime number?
True
Let p(v) = -210*v + 1. Let x(t) = 8*t**2 - t. Let u be x(1). Let z be 14/u*(-2)/4. Is p(z) prime?
True
Let u = -28773 + 61136. Is u composite?
False
Suppose 0 = -2*p + 4*p, 4 = 2*k - p. Let g(m) = 207*m - 11. Is g(k) a prime number?
False
Let d(u) = u**3 - 5*u**2 - 6*u + 5. Let i be d(6). Let q(g) = g - g - 20 + g**2 - i*g. Is q(14) a prime number?
False
Let j(w) = -3*w**3 - 3*w**2 + 3*w + 9. Let l = -63 - -59. Is j(l) a prime number?
False
Let c(y) = 178*y**2 - 7*y - 16. Is c(5) prime?
False
Let k(q) = q**2 - 2*q + 184. Let y be k(0). Let v be y/30 + 16/(-120). Suppose -2*h - 2*c + 70 = 0, 3*h + v - 111 = c. Is h a prime number?
False
Suppose -39 = -v - 2*v. Suppose v*q = 12*q - 162. Let f = 281 + q. Is f composite?
True
Let f be 25/(-15) - (-52)/6. Suppose -5832 - 1